{"id":7,"date":"2015-10-26T00:05:21","date_gmt":"2015-10-25T23:05:21","guid":{"rendered":"http:\/\/schnasseldag.lima-city.de\/wordpress\/?page_id=7"},"modified":"2017-02-07T20:00:10","modified_gmt":"2017-02-07T19:00:10","slug":"meine-2-seite","status":"publish","type":"page","link":"https:\/\/schnasseldag.lima-city.de\/wordpress\/meine-2-seite\/","title":{"rendered":"Meine 2. Seite"},"content":{"rendered":"<p>Hier sind wir ganz oben. und wir schreiben uns die Finger Wund.<\/p>\n<p>Buchungskalender<\/p>\n<p>Vor der Tabelle<br \/>\n<h2 id=\"tablepress-1-name\" class=\"tablepress-table-name tablepress-table-name-id-1\">Tabelle 1<\/h2>\n\n<table id=\"tablepress-1\" class=\"tablepress tablepress-id-1\" aria-labelledby=\"tablepress-1-name\" aria-describedby=\"tablepress-1-description\">\n<thead>\n<tr class=\"row-1 odd\">\n\t<th class=\"column-1\">Spalte 1<\/th><th class=\"column-2\">Spalte 2<\/th><th class=\"column-3\">Spalte 3<\/th><th class=\"column-4\">Spalte 4<\/th><th class=\"column-5\">Spalte 5<\/th>\n<\/tr>\n<\/thead>\n<tbody class=\"row-hover\">\n<tr class=\"row-2 even\">\n\t<td class=\"column-1\">Reihe 1<br \/>\n<\/td><td class=\"column-2\">Link zu <a href=\"http:\/\/schnasseldag.lima-city.de\/wordpress\/agb\/\" target=\"_blank\">AGB<\/a><\/td><td class=\"column-3\"><\/td><td class=\"column-4\"><\/td><td class=\"column-5\"><\/td>\n<\/tr>\n<tr class=\"row-3 odd\">\n\t<td class=\"column-1\">Reihe 2<\/td><td class=\"column-2\">Das ist <strong>fetter<\/strong> Text der ganz sch\u00f6n lang ausf\u00e4llt. <\/td><td class=\"column-3\"><code><br \/>\nint i = 0;<br \/>\nfor (int i=0; i<10; i++)<br \/>\n{<br \/>\n    \/\/ Einr\u00fcckung.<br \/>\n}<br \/>\n<\/code><\/td><td class=\"column-4\"><\/td><td class=\"column-5\"><\/td>\n<\/tr>\n<tr class=\"row-4 even\">\n\t<td class=\"column-1\">Reihe 3<\/td><td class=\"column-2\"><\/td><td class=\"column-3\"><\/td><td class=\"column-4\"><\/td><td class=\"column-5\"><\/td>\n<\/tr>\n<tr class=\"row-5 odd\">\n\t<td class=\"column-1\">Reihe 4<\/td><td class=\"column-2\"><\/td><td class=\"column-3\"><\/td><td class=\"column-4\"><\/td><td class=\"column-5\"><\/td>\n<\/tr>\n<tr class=\"row-6 even\">\n\t<td class=\"column-1\"><\/td><td class=\"column-2\"><\/td><td class=\"column-3\"><\/td><td class=\"column-4\"><\/td><td class=\"column-5\"><\/td>\n<\/tr>\n<tr class=\"row-7 odd\">\n\t<td class=\"column-1\"><\/td><td class=\"column-2\"><\/td><td class=\"column-3\"><\/td><td class=\"column-4\"><\/td><td class=\"column-5\"><\/td>\n<\/tr>\n<\/tbody>\n<tfoot>\n<tr class=\"row-8 even\">\n\t<th class=\"column-1\">Tabellenfu\u00dfzeile<\/th><th class=\"column-2\"><a href=\"http:\/\/schnasseldag.lima-city.de\/wordpress\/wp-content\/uploads\/2015\/10\/Hubo100-zugeschnitten2.jpg\"><img src=\"http:\/\/schnasseldag.lima-city.de\/wordpress\/wp-content\/uploads\/2015\/10\/Hubo100-zugeschnitten2.jpg\" alt=\"Hubo100-zugeschnitten\" width=\"98\" height=\"83\" class=\"alignleft size-full wp-image-77\" \/><\/a><\/th><th class=\"column-3\"><\/th><th class=\"column-4\"><\/th><th class=\"column-5\"><\/th>\n<\/tr>\n<\/tfoot>\n<\/table>\n<span id=\"tablepress-1-description\" class=\"tablepress-table-description tablepress-table-description-id-1\">Beschreibung der Tabelle 1<\/span>\n<!-- #tablepress-1 from cache --><br \/>\nNach der Tabelle<\/p>\n<div>Aber das macht fast nichts.<br \/>\nHier kommt das Video:<br \/>\n<!--\n<iframe loading=\"lazy\" src=\"https:\/\/www.youtube.com\/embed\/OofbjSO_L90?feature=player_detailpage\" width=\"640\" height=\"360\" frameborder=\"0\" allowfullscreen=\"allowfullscreen\"><\/iframe>\n--><br \/>\nUnd hier ist es zu Ende.<\/p>\n<div id=\"attachment_75\" style=\"width: 310px\" class=\"wp-caption alignleft\"><a href=\"http:\/\/schnasseldag.lima-city.de\/wordpress\/wp-content\/uploads\/2015\/10\/Hubo100-zugeschnitten.jpg\"><img aria-describedby=\"caption-attachment-75\" loading=\"lazy\" class=\"size-medium wp-image-75\" src=\"http:\/\/schnasseldag.lima-city.de\/wordpress\/wp-content\/uploads\/2015\/10\/Hubo100-zugeschnitten-300x256.jpg\" alt=\"Hubo 1.00\" width=\"300\" height=\"256\" srcset=\"https:\/\/schnasseldag.lima-city.de\/wordpress\/wp-content\/uploads\/2015\/10\/Hubo100-zugeschnitten-300x256.jpg 300w, https:\/\/schnasseldag.lima-city.de\/wordpress\/wp-content\/uploads\/2015\/10\/Hubo100-zugeschnitten-768x655.jpg 768w, https:\/\/schnasseldag.lima-city.de\/wordpress\/wp-content\/uploads\/2015\/10\/Hubo100-zugeschnitten-150x128.jpg 150w, https:\/\/schnasseldag.lima-city.de\/wordpress\/wp-content\/uploads\/2015\/10\/Hubo100-zugeschnitten-600x512.jpg 600w, https:\/\/schnasseldag.lima-city.de\/wordpress\/wp-content\/uploads\/2015\/10\/Hubo100-zugeschnitten.jpg 977w\" sizes=\"(max-width: 300px) 100vw, 300px\" \/><\/a><p id=\"caption-attachment-75\" class=\"wp-caption-text\">Hubo 1.00<\/p><\/div>\n<p>Das ist der Text der 2. Seite. Und hier geht es sofort weiter<\/p>\n<p>Das ist die 2. Zeile<\/p>\n<p>und die 3. und nach der 3. Zeile geht es ganz normal weiterim Text bis wir eine neue Zeo\u00f6e beginnen m\u00fcssen, weil alles so furchtbar ist hier im L\u00e4ndle. Da hilft wirklich nur noch der Schlu\u00dfstrich.<\/p>\n<\/div>\n<p>&nbsp;<\/p>\n<p>&nbsp;<\/p>\n","protected":false},"excerpt":{"rendered":"<p>Hier sind wir ganz oben. und wir schreiben uns die Finger Wund. Buchungskalender Vor der Tabelle Nach der Tabelle Aber das macht fast nichts. Hier kommt das Video: Und hier ist es zu Ende. Das ist der Text der 2. Seite. Und hier geht es sofort weiter Das ist die\u2026<\/p>\n<p> <a class=\"continue-reading-link\" href=\"https:\/\/schnasseldag.lima-city.de\/wordpress\/meine-2-seite\/\"><span>Continue reading<\/span><i class=\"crycon-right-dir\"><\/i><\/a> <\/p>\n","protected":false},"author":1,"featured_media":0,"parent":0,"menu_order":0,"comment_status":"closed","ping_status":"closed","template":"","meta":[],"_links":{"self":[{"href":"https:\/\/schnasseldag.lima-city.de\/wordpress\/wp-json\/wp\/v2\/pages\/7"}],"collection":[{"href":"https:\/\/schnasseldag.lima-city.de\/wordpress\/wp-json\/wp\/v2\/pages"}],"about":[{"href":"https:\/\/schnasseldag.lima-city.de\/wordpress\/wp-json\/wp\/v2\/types\/page"}],"author":[{"embeddable":true,"href":"https:\/\/schnasseldag.lima-city.de\/wordpress\/wp-json\/wp\/v2\/users\/1"}],"replies":[{"embeddable":true,"href":"https:\/\/schnasseldag.lima-city.de\/wordpress\/wp-json\/wp\/v2\/comments?post=7"}],"version-history":[{"count":23,"href":"https:\/\/schnasseldag.lima-city.de\/wordpress\/wp-json\/wp\/v2\/pages\/7\/revisions"}],"predecessor-version":[{"id":147,"href":"https:\/\/schnasseldag.lima-city.de\/wordpress\/wp-json\/wp\/v2\/pages\/7\/revisions\/147"}],"wp:attachment":[{"href":"https:\/\/schnasseldag.lima-city.de\/wordpress\/wp-json\/wp\/v2\/media?parent=7"}],"curies":[{"name":"wp","href":"https:\/\/api.w.org\/{rel}","templated":true}]}}